z) = 3*z**3 - 16*z**2 + 4*z - 21. Is q(14) a composite number?
True
Let d be (-9)/(-2)*1112/6. Suppose 3101 + d = 5*n. Is n prime?
True
Suppose -2*g - 5*d = -3514, 0 = -3*g + 6*g - 4*d - 5271. Is g prime?
False
Let n be 72/5 - (-6)/10. Suppose -5 = -4*k + n. Is (-10)/25 + 3957/k composite?
True
Let s(f) be the second derivative of 3*f**3/2 + 13*f**2/2 + f. Let n be s(7). Suppose 0 = -4*w + n + 72. Is w prime?
True
Suppose 2*y = 398 + 224. Is y a composite number?
False
Let m(o) = -123*o**3 + 21*o**2 + 94*o - 15. Is m(-9) a composite number?
True
Suppose 0 = 102*r - 104*r + 7474. Is r composite?
True
Suppose -6*c - 5*w = -2*c - 1664, 0 = 2*w + 8. Let f = c + -75. Is f a composite number?
True
Suppose -a - 6 = -52. Let d = -254 + 369. Let o = a + d. Is o a composite number?
True
Let y = 1413 - 830. Is y prime?
False
Let i(v) = 3*v**3 - 7*v**2 + 7*v + 53. Let s(p) = 2*p**3 - 3*p**2 + 3*p + 27. Let b(x) = -3*i(x) + 5*s(x). Is b(13) a prime number?
True
Suppose -4*v + 8509 = -3*b, -2*b + 10665 = 5*v - 0*b. Let k = v - 1422. Is k a composite number?
False
Let y(i) be the second derivative of -i**4/12 - i**3/2 + 7*i**2/2 - 4*i. Let o be y(-5). Is o/((-9)/537) - 1 a prime number?
False
Suppose 15*s = 14*s + 8311. Is s composite?
False
Suppose 3*w = 6*w - 6. Suppose w*t + 0*u = -5*u + 237, -413 = -3*t + 4*u. Is t a composite number?
False
Let m = 19 + 245. Let s = 504 + -502. Suppose 2*g + m = 4*b - 2*b, s*g + 518 = 4*b. Is b a prime number?
True
Let q(l) = -l**2 + 7*l + 11. Let x be q(8). Let c be 3 - (-300)/(1 - -1). Suppose 3*s = -x*r + c, 4*r = -5*s + 131 + 126. Is s prime?
True
Suppose 0 = -2*s - j + 11210, -4*s + 0*j - 4*j + 22428 = 0. Is s a prime number?
False
Suppose -19*h + 357196 + 328495 = 0. Is h composite?
True
Let k(i) = i**3 + 6*i**2 - 2*i - 7. Let v be k(-6). Suppose 5*n - v*m = 7345, 5*m + 4968 - 553 = 3*n. Is n a prime number?
False
Suppose 19*r - 125815 + 29352 = 0. Is r composite?
False
Let z = 288 - 29. Suppose -n + 4*w = -652, 2*n + 0*w - 1283 = w. Suppose 2*v = -l + z, -2*l + l + n = 5*v. Is v composite?
False
Is (-14228 - -7)*-1*(2 - 1) prime?
True
Suppose -8*i + 7*i = -797. Is i prime?
True
Suppose 0*z = -z - 11. Let f = -266 + 189. Is z/f - (-292)/14 prime?
False
Let v(x) = -x**2 - 8*x - 1. Let q be v(-5). Suppose 0 = -4*w - g + 7 - 3, -4*g - q = w. Is 231/w - (-3)/(-6) composite?
True
Let v be (1608/(-15))/(10/(-25)). Let t = v + -65. Is t prime?
False
Suppose -2*d + 3 = -d. Is 2521 + (d - (-5 + 12)) composite?
True
Let o = -4 - -11. Suppose -g + 4 + 10 = 4*x, 0 = -g + 3*x - o. Suppose i - 53 = -g*m, -4*m - 212 = -4*i - m. Is i prime?
True
Let o = 5 + 2. Let v(z) = -z**3 + 17*z**2 - 8*z - 10. Let q be v(o). Suppose 221 = 5*w - q. Is w a composite number?
True
Let w = 117 + 237. Let q be (-129)/2*(-4)/6. Suppose 0 = -t - q + w. Is t a composite number?
False
Suppose -42*b + 120504 = -30*b. Is b prime?
False
Let x = 14039 + -4168. Is x prime?
True
Is (4 + -5 - 10) + 4794 a prime number?
True
Let c be 4/(-34) + (-11)/(187/(-1090)). Let x = 173 - c. Is x a composite number?
False
Suppose -56*c + 257060 = -36*c. Is c a prime number?
True
Is (351342/(-90))/(3/(-15)) prime?
False
Suppose 2*r - 2339 = 5883. Let d = -882 + r. Is d a composite number?
False
Suppose -r - 5*v = -4886, -3*r + 8*r = v + 24300. Is r a prime number?
True
Let t = 24 - 19. Suppose 0 = 4*b - t*f + 3*f - 3410, 0 = 2*f - 2. Is b a prime number?
True
Is -4 + 5 + (3655 - -3) a prime number?
True
Let y be (-1379)/(-91) - 4/26. Let z be (-2)/(-10) + 102/y. Let a(n) = 3*n**3 - 6*n**2 - 9*n - 5. Is a(z) composite?
True
Let x = 799 + -385. Suppose j - 3*v - 292 - x = 0, 4*j + 2*v - 2754 = 0. Is j prime?
True
Let o be -3*((-38)/14 + 16/(-56)). Suppose 13*x = o*x + 7196. Is x a composite number?
True
Suppose 2*z - 3*h - 6369 = 7783, -2*h = -4. Is z a prime number?
True
Let x(t) = 47*t**3 - 2*t**2 - 1. Let g be x(2). Let h = g + -225. Is h prime?
False
Let k(f) = f**3 - 7*f**2 - 2*f + 3. Let p be k(9). Suppose -1863 = -12*r - p. Is r a prime number?
False
Suppose -8 = 4*t + 3*f - f, 4*f - 10 = 5*t. Let z(b) = -236*b + 2. Let q be z(t). Suppose -g + q = g. Is g a composite number?
True
Let o(n) be the first derivative of -n**4/4 - 4*n**3 - 5*n**2 - 34*n - 5. Is o(-13) a composite number?
True
Let z = 5052 - 854. Is z/6 + (44/6 - 6) composite?
False
Let r(s) = -43*s - 4. Suppose -7 = 5*y + 18. Is r(y) a composite number?
False
Is (-18)/54*41*-753 a prime number?
False
Let m be 987 - (-1 - (0 + 0)). Let c = -400 + 403. Suppose 7*g - m = c*g. Is g a composite number?
True
Suppose 35375 = -2*k + 2263. Let i be k/17 - 2/17. Is ((-4)/8)/(1/i) prime?
True
Suppose -v + 4 - 3 = 0, -3*v + 25793 = 5*g. Is g composite?
True
Let o = 1541 + -664. Is o composite?
False
Let k(m) = 2*m**3 + 4*m**2 - 3*m - 21. Is k(6) composite?
True
Let a = 1 - -1. Suppose -20 = -a*p + 2. Let x = p - -76. Is x a prime number?
False
Suppose -13*s - 2*s = -253065. Is s a prime number?
True
Let v be 0/(-3*(-4)/6). Suppose -5*j + m = -v*j - 1942, -4*j + 1550 = -2*m. Suppose -j = -4*b + 479. Is b a composite number?
True
Let k be (-24)/(-15)*(-10)/(-4). Suppose 5*g + 3*z = 99, 3*g - 55 = -8*z + k*z. Is g composite?
True
Let i(p) = -30*p**2 + 2*p - 4. Let f be (-3)/(-1) + (-1 - -1). Let z be i(f). Let n = -189 - z. Is n a prime number?
True
Is 198/(-44)*4468/(-18) prime?
True
Suppose -4*n = 3*p - 36, 4*p = -n - 1 + 10. Is n prime?
False
Let k(m) = m**2 + 7*m + 1. Let r be k(-7). Let c(z) = -5*z**2 - z. Let o be c(r). Let i(g) = 3*g**2 - 7*g - 7. Is i(o) a prime number?
False
Let w(a) = -453*a - 1 - 441*a + 944*a. Let o(i) = -i**3 - 4*i**2 - 5*i - 3. Let r be o(-4). Is w(r) prime?
False
Let f(g) = 9*g - 48. Let a be f(-9). Let c = -82 - a. Is c a composite number?
False
Suppose 4*r - 4*s = 71848, 4*s + 66912 = 3*r + 13021. Is r a prime number?
True
Let a = -28 + 17. Let h = a + 17. Suppose 445 = h*k - k. Is k a composite number?
False
Let v be (3 - -2) + (-1)/1. Suppose -v*i = -2*i - 4262. Suppose 455 = -4*h + i. Is h composite?
False
Let f = -986 - -1936. Let z = f - -1503. Is z a composite number?
True
Let m(i) = i**3 - 8*i**2 - 5*i + 1. Let q be (-71)/(-4) + 2/8. Let s = -9 + q. Is m(s) prime?
True
Let o be 26392/6 + 6/(-9). Let y = o - 3126. Suppose -5*m + y = -43. Is m a prime number?
True
Let z(v) = -v**3 - 2*v**2 + 8*v + 16. Let r be z(-3). Is r - 3234/((-6)/6) composite?
True
Let u(a) = 7*a - 22. Let v be u(4). Suppose v*l - 361 = 221. Is l composite?
False
Let u(c) = 1 + 35*c + 65*c - 2*c - 6. Is u(2) a prime number?
True
Let t = -37 + 42. Suppose 20 = -4*k, -4*q + t*k + 13509 = -0*k. Is q a prime number?
True
Let m(r) = 2*r**3 - r**2 + 1. Let c be m(1). Is -3 - (-2 - (-132)/c)*-19 a prime number?
True
Suppose 0 = 2*p - 5*g - 13794, 0 = 4*p + 2*g - g - 27632. Is p a composite number?
False
Let d(n) = 156*n - 5. Let l(y) = y**3 + 10*y**2 - 9*y + 24. Let x be l(-11). Is d(x) a prime number?
True
Let z(t) = 1169*t - 22. Is z(9) a composite number?
False
Let c(x) be the second derivative of 2*x**5/5 - x**4/6 + x**3/2 + 2*x**2 + 3*x. Let w = -2 + 5. Is c(w) a prime number?
True
Suppose 77 = -5*i + 22. Let q(z) be the second derivative of z**5/20 + 11*z**4/12 - 7*z**3/6 - 3*z**2/2 - 2*z. Is q(i) composite?
True
Let q(w) = -w**3 - 14*w**2 + 14*w - 15. Let v be q(-15). Suppose -7*g + 2*g = v. Suppose g = y, u + 4*u = -5*y + 3595. Is u a composite number?
False
Let n be 2/3 + (-7)/(63/(-12)). Suppose v - 44 = -2*a, 0 = -v + a + a + 32. Suppose n*g + 1052 = 4*j + v, -j - g + 252 = 0. Is j a prime number?
False
Suppose 3*p - 29 = -2. Suppose 4*d - 1 = -p, 5*d + 335 = 5*v. Let i = -34 + v. Is i prime?
True
Let r(d) = 3*d**2 - 5*d + 14. Let l = -42 + 30. Let u be r(l). Suppose 4*p = -4*j + 400, -6*j = -j + 3*p - u. Is j prime?
True
Let n = 3053 - 1364. Is n a composite number?
True
Let b = 14753 - 7404. Is b a prime number?
True
Let y(u) = 3*u**2 - 2*u - 53. Let a be y(16). Is ((-2 - (3 + -4)) + 3)*a a prime number?
False
Suppose -2*u = b - 15, -u + 25 = 4*b - 7. Suppose x + 3 = -5*c + 2*x, 0 = c - 4*x - b. Is 407/2 + c/2 a composite number?
True
Is 2495/35 - 2/7 prime?
True
Let s(y) = 21*y - 10. Let f be s(14). Let u be (362/(-4))/(3/6). Let m = u + f. Is m a composite number?
False
Suppose 4*r + 21 = 5, -22 = 